he units digit of 108156?
6
What is the ten thousands digit of 5699809?
9
What is the tens digit of 12198?
9
What is the hundred thousands digit of 641028?
6
What is the tens digit of 29799098?
9
What is the ten thousands digit of 225968?
2
What is the units digit of 435343?
3
What is the hundreds digit of 6072091?
0
What is the units digit of 14246847?
7
What is the tens digit of 5188201?
0
What is the hundred thousands digit of 4276571?
2
What is the units digit of 320781?
1
What is the ten thousands digit of 100994?
0
What is the units digit of 14475000?
0
What is the tens digit of 216667?
6
What is the ten thousands digit of 334542?
3
What is the thousands digit of 1486023?
6
What is the thousands digit of 493029?
3
What is the hundreds digit of 807468?
4
What is the thousands digit of 3759740?
9
What is the millions digit of 3990812?
3
What is the thousands digit of 3689683?
9
What is the ten thousands digit of 113194?
1
What is the tens digit of 3538551?
5
What is the hundred thousands digit of 4759412?
7
What is the units digit of 833741?
1
What is the thousands digit of 8205073?
5
What is the thousands digit of 51621?
1
What is the units digit of 2252922?
2
What is the units digit of 8072127?
7
What is the units digit of 22858?
8
What is the millions digit of 13172393?
3
What is the tens digit of 2926178?
7
What is the tens digit of 2820394?
9
What is the ten thousands digit of 15389958?
8
What is the hundreds digit of 8420374?
3
What is the hundreds digit of 1297295?
2
What is the units digit of 7731113?
3
What is the millions digit of 8149918?
8
What is the thousands digit of 2293157?
3
What is the ten thousands digit of 177743?
7
What is the units digit of 4474851?
1
What is the thousands digit of 840942?
0
What is the hundred thousands digit of 803154?
8
What is the hundred thousands digit of 266783?
2
What is the thousands digit of 156321?
6
What is the ten thousands digit of 129149?
2
What is the hundreds digit of 20002?
0
What is the hundred thousands digit of 1182838?
1
What is the units digit of 474969?
9
What is the units digit of 1503842?
2
What is the units digit of 10273034?
4
What is the hundred thousands digit of 209093?
2
What is the ten millions digit of 16975580?
1
What is the hundreds digit of 157240?
2
What is the hundreds digit of 178036?
0
What is the hundreds digit of 215441?
4
What is the hundreds digit of 808767?
7
What is the ten thousands digit of 395984?
9
What is the hundred thousands digit of 182268?
1
What is the hundred thousands digit of 278190?
2
What is the units digit of 1518796?
6
What is the ten thousands digit of 3657916?
5
What is the thousands digit of 2002727?
2
What is the tens digit of 59650?
5
What is the millions digit of 5527164?
5
What is the tens digit of 127740?
4
What is the units digit of 27568426?
6
What is the tens digit of 21447954?
5
What is the millions digit of 9879513?
9
What is the units digit of 3388638?
8
What is the hundreds digit of 252730?
7
What is the tens digit of 52842?
4
What is the thousands digit of 935920?
5
What is the units digit of 118879?
9
What is the hundreds digit of 195323?
3
What is the ten thousands digit of 852181?
5
What is the thousands digit of 628825?
8
What is the ten thousands digit of 2747282?
4
What is the millions digit of 12772847?
2
What is the tens digit of 66864?
6
What is the hundreds digit of 1086861?
8
What is the units digit of 471356?
6
What is the hundred thousands digit of 596773?
5
What is the hundreds digit of 1937405?
4
What is the tens digit of 439849?
4
What is the tens digit of 9271864?
6
What is the tens digit of 1389774?
7
What is the hundred thousands digit of 1788257?
7
What is the ten thousands digit of 76968?
7
What is the tens digit of 482769?
6
What is the thousands digit of 175522?
5
What is the millions digit of 9476477?
9
What is the hundreds digit of 241761?
7
What is the tens digit of 1780201?
0
What is the hundreds digit of 283941?
9
What is the ten thousands digit of 469830?
6
What is the units digit of 3432874?
4
What is the thousands digit of 978074?
8
What is the thousands digit of 77114?
7
What is the ten thousands digit of 21841042?
4
What is the ten thousands digit of 121819?
2
What is the tens digit of 543888?
8
What is the hundreds digit of 4332896?
8
What is the hundreds digit of 1543371?
3
What is the hundred thousands digit of 3610259?
6
What is the hundred thousands digit of 11471480?
4
What is the millions digit of 3817534?
3
What is the millions digit of 5501497?
5
What is the thousands digit of 422499?
2
What is the hundreds digit of 391381?
3
What is the ten thousands digit of 311845?
1
What is the hundreds digit of 2277963?
9
What is the tens digit of 3740467?
6
What is the thousands digit of 1304733?
4
What is the hundred thousands digit of 11835304?
8
What is the tens digit of 4360514?
1
What is the hundred thousands digit of 1260642?
2
What is the units digit of 4568768?
8
What is the hundred thousands digit of 249819?
2
What is the units digit of 3278008?
8
What is the thousands digit of 381750?
1
What is the ten thousands digit of 5141059?
4
What is the units digit of 97256?
6
What is the units digit of 382110?
0
What is the hundreds digit of 56722?
7
What is the hundreds digit of 395044?
0
What is the ten thousands digit of 10069754?
6
What is the tens digit of 115576?
7
What is the tens digit of 912949?
4
What is the units digit of 583588?
8
What is the ten thousands digit of 2036324?
3
What is the hundreds digit of 32096044?
0
What is the ten thousands digit of 926136?
2
What is the hundreds digit of 386994?
9
What is the hundred thousands digit of 1083132?
0
What is the units digit of 228266?
6
What is the tens digit of 154856?
5
What is the thousands digit of 1322209?
2
What is the tens digit of 253767?
6
What is the hundred thousands digit of 234306?
2
What is the ten thousands digit of 140274?
4
What is the millions digit of 10231094?
0
What is the tens digit of 478598?
9
What is the hundred thousands digit of 1556874?
5
What is the millions digit of 2905574?
2
What is the hundred thousands digit of 355451?
3
What is the tens digit of 291385?
8
What is the thousands digit of 28331?
8
What is the ten thousands digit of 553941?
5
What is the hundred thousands digit of 163775?
1
What is the ten thousands digit of 4324992?
2
What is the tens digit of 4718118?
1
What is the thousands digit of 9830778?
0
What is the units digit of 3926506?
6
What is the thousands digit of 811809?
1
What is the ten thousands digit of 406542?
0
What is the hundred thousands digit of 184550?
1
What is the thousands digit of 718203?
8
What is the hundreds digit of 7257854?
8
What is the tens digit of 3488801?
0
What is the hundred thousands digit of 17793577?
7
What is the ten thousands digit of 611731?
1
What is the ten thousands digit of 7124176?
2
What is the hundred thousands digit of 3222565?
2
What is the hundreds digit of 441501?
5
What is the hundred thousands digit of 361977?
3
What is the units digit of 3333749?
9
What is the hundreds digit of 2963871?
8
What is the tens digit of 1012789?
8
What is the ten thousands digit of 203762?
0
What is the thousands digit of 6507574?
7
What is the hundreds digit of 16219770?
7
What is the millions digit of 2666521?
2
What is the thousands digit of 33613921?
3
What is the tens digit of 3813398?
9
What is the hundred thousands digit of 457319?
4
What is the hundred thousands digit of 2609887?
6
What is the hundreds digit of 181650?
6
What is the hundred thousands digit of 104378?
1
What is the ten thousands digit of 4331202?
3
What is the ten thousands digit of 740030?
4
What is the hundreds digit of 177349?
3
What is the hundred thousands digit of 3524532?
5
What is the hundreds digit of 14725042?
0
What is the units digit of 13692788?
8
What is the hundreds digit of 5626785?
7
What is the hundred thousands digit of 340300?
3
What is the ten thousands digit of 494611?
9
What is the millions digit of 1534947?
1
What is the tens digit of 85563?
6
What is the hundreds digit of 1093625?
6
What is the hundred thousands digit of 183369?
1
What is the thousands digit of 86243?
6
What is the units digit of 680879?
9
What is the hundreds digit of 113459?
4
What is t